 the highest common divisor of 45 and b?
5
Suppose 4*j + n = 26, -5*n = -n - 8. Calculate the highest common divisor of 10 and j.
2
Suppose 3*l - 2*a = 47, 5*a = 5*l + a - 75. Suppose l*i - 22*i = -6. Suppose 3*j - 24 = -0*j. Calculate the greatest common factor of j and i.
2
Let t(q) = -297*q + 216. Let o be t(-3). Calculate the highest common divisor of o and 18.
9
Let w be 0/(-1) + (-40 - -42). Let c be (16/2)/w - (-30 + 19). Suppose -226 = -5*f - 76. What is the greatest common divisor of f and c?
15
Let v(h) = h + 4. Let z be v(-4). Suppose 3*d - d = c, z = -2*c + 2*d. Let y be c - 1 - 24/(-1). What is the greatest common factor of 23 and y?
23
Suppose -4*y + 4 = 4*g, -20 = -4*y + 2*g - 10. Let i be 1/6 + 955/30. Suppose 2*c - 4*c = -i. What is the greatest common divisor of y and c?
2
Let a = -68 - -97. Suppose 0 = 2*b - a - 131. Suppose -6*p = -2*p - b. Calculate the highest common factor of 50 and p.
10
Suppose 3*k = -5*r + 72 + 330, -r = 5*k - 76. What is the greatest common divisor of r and 108?
27
Let v(k) = 2*k**3 - 7*k**2 + 9*k - 1. Let h be v(2). What is the highest common divisor of h and 85?
5
Let q(m) = 3*m + 1. Let x be q(-1). Suppose 9*o - 5*o = -68. Let a be (-2)/4 + o/x. What is the greatest common factor of 1 and a?
1
Let w(z) = 10*z**2 + 99*z - 4. Let x be w(-10). Calculate the highest common divisor of x and 354.
6
Let b be ((-2)/1)/(5/10). Let j = -9 + b. Let m = 16 + j. What is the highest common divisor of m and 12?
3
Let m(a) = 299*a**2 + 58*a - 58. Let d be m(1). Calculate the greatest common divisor of 26 and d.
13
Suppose -5*m = -i - 6, -5*i - 2*m - 30 = -9*i. Let p = -4 + 6. Suppose v - 5 = -2*c, -c = p*c - 2*v + 3. What is the highest common divisor of c and i?
1
Suppose 2*i + 21 = 5*i. Let k = 2 - -26. What is the greatest common factor of i and k?
7
Let y be (-4)/(12/(-21)) + (39 - 22). What is the highest common divisor of 324 and y?
12
Let u = 224 + -204. Suppose 4*x + 91 = -5*y, 7*y - 2*y + x + 79 = 0. Let p be (72/y)/2*-25. Calculate the greatest common factor of p and u.
20
Let z be (-464)/(-14) + 64/(-448). What is the highest common factor of 253 and z?
11
Let s(b) = -5*b + 3. Let w be s(11). Let u be w/10*(-4 + -16). Suppose 2*t + 5*c = u, t - 4*c = -4*t + 194. Calculate the highest common divisor of 6 and t.
6
Let u = 37 - -107. Calculate the highest common divisor of u and 9.
9
Suppose -1757 - 553 = -30*i. Calculate the highest common factor of i and 110.
11
Suppose l = 68 + 12. Suppose -60 = -7*u - 18. Suppose 0 = 9*p - u*p - 48. What is the greatest common factor of p and l?
16
Suppose -72*k = 18*k - 103230. What is the highest common factor of 31 and k?
31
Suppose -10879 = -158*j + 4113 - 1720. Suppose -3*i + 0*i - 2*c = -32, 0 = -5*i - 3*c + 54. Calculate the greatest common factor of j and i.
12
Suppose 3*o - 5*i = 130, 4*o - 3*i - 7 = 148. What is the greatest common divisor of 40 and o?
5
Let r be (-20)/(-8)*(-304)/(-10). What is the greatest common factor of 57 and r?
19
Suppose 0 = 4*d - 5*m - 598, -2*m - 4 = -8. Calculate the greatest common factor of 24 and d.
8
Let p(o) = 2*o**2 + o. Let x = -20 + 22. Let h be p(x). Calculate the greatest common factor of 15 and h.
5
Suppose 0 = 3*l + 4*r + 49, 4*l = -5*r + 2*r - 77. Let z = -57 - -41. Let j = z - l. Calculate the highest common divisor of 1 and j.
1
Let j = 346 + -76. Calculate the greatest common divisor of 10 and j.
10
Let a be (-8 + 5)/((12/5)/(-4)). Suppose -2*v - v + a*l = -615, l = 4*v - 837. Let t = 115 + -31. Calculate the greatest common factor of t and v.
42
Let h be (9 - 7) + 5 - -1. What is the highest common factor of 8 and h?
8
Let m = 39 - 31. Suppose -4*o + 4 + m = 0. Calculate the greatest common divisor of 21 and o.
3
Suppose -5*d + 609 = -4*z, -d - 4*d = 3*z - 602. Let a(v) = 27 - 5*v - 12 - 14. Let o be a(-2). Calculate the greatest common divisor of d and o.
11
Let r(o) = o**2 + 10*o + 30. Let l be r(-10). What is the highest common factor of l and 5?
5
Let s = -137 + 229. Suppose -2*y - 44 - s = 0. Let i be (y/(-10))/(6/15). Calculate the greatest common factor of 17 and i.
17
Let x = 171 + -120. Let j = 32 + 3. Suppose -3*c + 3*z = -x, -z - 116 + j = -5*c. Calculate the greatest common divisor of c and 2.
2
Let f = -430 - -529. Suppose 3*y = 6*z - 2*z + 17, 21 = 5*y - 3*z. Suppose p - 8 = y. Calculate the highest common factor of p and f.
11
Suppose 0 = 3*t - 2*t - 4, 3*t = -5*u + 27. What is the greatest common divisor of 3 and u?
3
Let x(j) = j**3 + 2*j**2 - j + 17. Let k be x(0). What is the highest common factor of k and 221?
17
Let t(x) be the third derivative of -x**6/120 + x**5/10 - 3*x**4/8 + 5*x**3/6 + 24*x**2. Let m be t(4). Calculate the highest common divisor of 10 and m.
1
Suppose -13*z + 203 + 135 = 0. Calculate the greatest common factor of z and 104.
26
Let l(s) = s**2 - 4*s + 12. Let j be l(8). Let c = j + -24. Let o = c + -11. Calculate the greatest common factor of o and 36.
9
Suppose 0 = -0*g + g - h - 25, -2*g = 5*h - 36. Let f be 1*49 - (13 - 10). Calculate the greatest common divisor of f and g.
23
Let m be (70/75)/7 + 896/30. Let u = m + 30. What is the greatest common divisor of u and 12?
12
Let h = 22 + 4. Let p(w) = -3*w**2 - 6*w + 75. Let z be p(-6). Suppose z*j = 7 + h. What is the highest common factor of 33 and j?
11
Let n(j) = 5*j + 21. Let r be n(-4). Let d be -18*(8/(-12) - r). Calculate the highest common divisor of 12 and d.
6
Let c be 14/((-1)/(-6) - 0). Let a be (3/(-6))/((-3)/c). Calculate the greatest common factor of 182 and a.
14
Suppose 0 = -2*l + w + 91, 2*l - 4*l - w = -89. What is the greatest common factor of l and 405?
45
Let u(n) = -50*n + 502. Let s be u(8). What is the highest common factor of s and 238?
34
Suppose -15*c - 5*c + 800 = 0. Calculate the greatest common divisor of c and 1180.
20
Let u(y) = 11*y - 18 - 3*y + 24 + y**2. Let o be u(-9). What is the highest common factor of o and 120?
15
Suppose -3*g + 7*g = 4, -g - 231 = -4*b. Calculate the greatest common factor of b and 58.
58
Let r(t) = t**3 - 9*t**2 + 9*t - 6. Let f be r(8). Let l be 4/6 - (f - (-13)/(-3)). Let z be 0 - 0 - 2*-1. Calculate the greatest common divisor of l and z.
1
Suppose -40*k = -35*k - 760. What is the highest common divisor of 266 and k?
38
Let j(y) = 3*y**2 - 4*y + 4. Let w be j(1). What is the greatest common divisor of 13 and w?
1
Suppose -8*w - 40 = -12*w. Let s be -1*(w + -3)*(5 - 6). Calculate the greatest common divisor of 7 and s.
7
Let r be (5 - 1)*(-105)/84. Let k be (2 + -6 + r)*-1. What is the highest common factor of k and 27?
9
Let b(f) = 2*f + 8. Let s be b(0). Let h(j) = j**3 - 8*j**2 + 10*j - 8. Let q be h(s). What is the greatest common divisor of q and 8?
8
Let m(y) = 4*y**2 - 8*y. Let x be m(6). Let h be -4 + (25 - 5)/(-5). Let b be 11/((-44)/h) - -22. Calculate the highest common factor of x and b.
24
Let v(z) be the first derivative of 44*z**3/3 - 3*z**2/2 - z + 34. Let u be v(-1). What is the highest common factor of u and 69?
23
Let k = -2673 - -2679. Let s = 9 - -10. Suppose w - s = -q, 0 = 4*w - 2*q - 34 - 72. What is the greatest common factor of k and w?
6
Let v be -1*(2 - 22/8)*4. Calculate the greatest common divisor of 93 and v.
3
Let j be (8 + 5)/(1/7). What is the highest common divisor of 7 and j?
7
Let f be 6*((-7)/147)/((-18)/63). Let z = 1 + 6. What is the highest common factor of z and f?
1
Let n(z) = -z - 10. Let l be n(-9). Let i be ((-3)/9)/(2/(-6)). Let r be 9 + i/(l + 0). Calculate the greatest common factor of 56 and r.
8
Suppose -h + 3*h = -5*p + 3, 4*h = 3*p + 19. Suppose 23*x - 18*x - 45 = 0. Suppose h*c + 20 = x*c. Calculate the highest common divisor of c and 4.
4
Let o be -27 - (2/(-13) + 110/(-130)). Let a = -17 - o. Calculate the greatest common divisor of 108 and a.
9
Let f be (1 - 1)/((-5)/(-5)). Suppose 3*h + 0*h = f. Suppose 5*m - 27 = -2*g, 45 = -h*g + 5*g + 5*m. What is the greatest common factor of 12 and g?
6
Suppose -12 = -q + 5*u, 0 = 2*q + 2*q - 5*u - 33. Suppose 0 = f - 0 - q. Suppose 0 = 5*o + 28 - 98. Calculate the highest common factor of f and o.
7
Suppose 13371 = 5*d - n, -17*d + 4*n - 2691 = -18*d. Calculate the highest common factor of 25 and d.
25
Let d = 8 + -8. Suppose d = -2*o - 3*o. Suppose f = -o*f 